 d - 1. Let x(b) = -5*i(b) + k(b). Calculate x(0).
4
Let t(y) = y**3 - 6*y**2 + 2*y + 2. Suppose 4*o + 1 = -2*d + 5*d, o - 8 = -2*d. Give t(o).
-10
Let r(i) = -2*i**2 - 2*i + 1. Let m(q) = -q - 12. Let z be m(-9). Let n(y) = y**2 + 6*y + 1. Let w be n(-6). Let k = z + w. What is r(k)?
-3
Let g(t) = -2*t**2 + 0*t**2 + 0 + t**2 + 12*t - 1. Let s(x) = -2*x**2 + 25*x - 2. Let v(m) = -13*g(m) + 6*s(m). Let b = -5 - -9. Calculate v(b).
-7
Let v(t) be the second derivative of t**8/6720 - t**7/2520 - t**6/720 + 3*t**5/40 + t**4/4 + 2*t. Let p(c) be the third derivative of v(c). What is p(0)?
9
Let o(r) = -r**3 + 4*r**2 - 8*r - 9. Let s(j) = -3*j**3 + 11*j**2 - 23*j - 26. Let z(n) = -17*o(n) + 6*s(n). Calculate z(-3).
12
Let n be (-232)/28 - 4/(-14). Let r(m) = m**3 + 7*m**2 - 9*m - 10. Let l be r(n). Let g(h) = -1 + 3*h - 5*h - 1. Calculate g(l).
2
Let h(o) = -5*o + 3*o + 0 + 1. Let y = 2 + 0. Suppose y*k + 4*b = 8, b = 4*k - 2*k - 3. Give h(k).
-3
Suppose 0*w + 6 = -2*w. Let t(c) be the third derivative of -c**6/120 - c**5/12 - 5*c**4/24 - c**3/2 + 3*c**2 - 5*c. Calculate t(w).
-6
Let r = -3 - -2. Let z(i) = i**2 - 1. Let s be z(r). Suppose 2*v = -s*v. Let u(n) = -n**3 + n**2 - n + 8. What is u(v)?
8
Let q(z) = -z**3 - 3*z**2 + 4*z + 4. Let a(g) = g**3 + 5*g**2 - 4*g + 8. Suppose 5*n = -28 - 2. Let v be a(n). What is q(v)?
4
Let k(c) = -c**3 - 8*c**2 - 2*c - 10. Suppose 14*h + 33 + 79 = 0. Calculate k(h).
6
Let o(c) = -9*c + c**2 - c - 96 + 107. Give o(9).
2
Suppose 2 = -5*n + 12. Suppose 3*x = 6, 3*x + 0 = 2*k + 2. Let p(h) = h**2 - 3*h**2 + 0*h**2 + h**k. Give p(n).
-4
Let m(x) = x + 2. Suppose 3*o = 6*o - 0*o. What is m(o)?
2
Let b(d) = 6*d - 2. Let j = 7 + -5. Give b(j).
10
Let w be (0 - 9)*4/(-12). Let c = 3 - w. Let o(f) = -f**2 + f + 10. What is o(c)?
10
Let o(h) = h**3 + 3*h**2 + 2*h + 3. Let x be o(-2). Let v(m) be the second derivative of 1/12*m**4 - 6*m + 1/2*m**2 + 0 + 1/6*m**3. Determine v(x).
13
Let x(z) be the first derivative of -z**5/2 - z**3/6 + 5*z - 2. Let f(o) be the first derivative of x(o). Determine f(1).
-11
Let p(q) = q**2 - 4*q - 5. Let y be p(4). Let l(u) = -u**3 - 6*u**2 - 5*u - 5. Determine l(y).
-5
Let t be ((-11)/33)/(-3 + 1). Let n(f) be the second derivative of -1/20*f**5 - t*f**3 - 5/12*f**4 + 0 - 2*f - 3/2*f**2. Determine n(-5).
2
Let y(c) = 2*c + 2. Suppose -d = -2*d. Suppose d = 2*q - 2 - 22. Let g be 8/6*q/(-8). Give y(g).
-2
Let l(v) be the first derivative of -3*v**2/2 - v - 37. Let n be ((-4)/(-6))/((-2)/6). Calculate l(n).
5
Let k(r) = -r**3 - r**2 + 2*r + 1. Let w = 5 - 2. Suppose -5*i - 2*u + 13 = 0, 5*i + 4*u - 18 = 7*u. Suppose n = w*x + 10, 4*n - i*x = x + 8. Calculate k(n).
1
Suppose 45 = 5*r + 5*v, 6*r - 4*r + 2 = 3*v. Suppose -4*i - 2*d + 56 = 0, -4*i - 4*d + r*d + 68 = 0. Suppose -i = -5*u - 1. Let z(y) = y - 4. Calculate z(u).
-1
Suppose l = 3*l - 6. Let v(i) = 3*i - 1. Let w(a) = -a + 1. Let s(z) = v(z) + 4*w(z). Determine s(l).
0
Let v(c) = c**2 - 6*c + 4. Suppose -s - 3*s + 4*l = -16, 0 = 2*s + 5*l - 22. Give v(s).
4
Let s(n) = n + 1. Let z(j) = 3*j**3 + 7*j**2 - 6*j - 6. Let y(w) = -4*w**3 - 7*w**2 + 6*w + 7. Let r(v) = 4*y(v) + 5*z(v). Let p be r(6). What is s(p)?
-1
Let z(x) = 3*x + 8 - 3 + 0 - 4. Determine z(2).
7
Let h(d) be the second derivative of d**7/420 - d**4/24 + 2*d**3/3 - 6*d. Let b(t) be the second derivative of h(t). Let j be 1/(4 - 2 - 3). What is b(j)?
-3
Let l(w) = -w**2 - w - 5. Suppose 5*y = 4*j + 15, -2 - 1 = -y. Give l(j).
-5
Let u(i) = 2*i + 1. Suppose 0 = -2*z - 2 - 2. Calculate u(z).
-3
Suppose -5*p = z + z - 12, z - 7 = -3*p. Suppose 2*s - 5*y = 19, 3*y + 5 = -4*s + 4. Let h(r) = 3 - 3 - 1 + 5*r**2 + r - 4*r**s. What is h(p)?
5
Suppose -6*d + 4*d + 2 = 0. Let j(y) = y**3 - 6*y**2 - 6*y - 5. Let k be j(7). Let r(n) = 1 - 3*n**2 + k*n**2 + 9*n**2. Give r(d).
9
Let a(x) = 4*x**2 + 5*x - 6 - 3*x**2 - 2*x**2. What is a(5)?
-6
Let u(q) be the first derivative of q**3/6 + q**2 + 8*q - 7. Let k(l) be the first derivative of u(l). Calculate k(-7).
-5
Let b(l) be the third derivative of 8*l**2 + 0*l + 0 - 1/12*l**4 + 1/3*l**3. Give b(5).
-8
Let l(u) be the second derivative of -u**3/6 + 6*u**2 + 10*u. Give l(6).
6
Let h(y) = y + 4. Let u(z) = -3*z**2 + 3*z. Let r be u(2). Let l be h(r). Let t(v) = 3 + 0*v**2 + 3*v**2 + 1 - 6. Give t(l).
10
Let v(f) be the first derivative of -f**4/4 - 5*f**3/3 - 3*f**2/2 + 2*f - 12. Determine v(-4).
-2
Let y(d) = -7*d**3 - 2*d**2 + 4*d - 1. Let v(x) = 13*x**3 + 3*x**2 - 8*x + 1. Let r(c) = -6*v(c) - 11*y(c). Give r(5).
0
Let x(w) = 6*w**2 + 0*w + w - w**3 + 3 + 3*w + 3*w. Let u be x(7). Suppose 8 = u*d + 2. Let z(l) = l**2 - 5*l + 2. Determine z(d).
-4
Let h(y) = 39*y + 18. Let w(o) = -11*o - 5. Let c(z) = -5*h(z) - 18*w(z). Let k = 4 - 14. Let u = 7 + k. Give c(u).
-9
Let s = -1 - -4. Suppose -5 = -s*t - 20. Let q(h) = -2*h - 3. What is q(t)?
7
Let j(i) = 2*i + 6. Suppose -2 = -2*p - 14. Let r(b) = -4*b - 11. Let d(n) = p*r(n) - 10*j(n). Give d(-4).
-10
Suppose 4*z = 4*o - z + 23, -3*o + 5*z = 16. Let i(n) = -2*n - 7. Determine i(o).
7
Suppose 2 = o - l, -3*o + 2*l + 4 = -0*o. Let k(u) = u**2 + o*u - u - 3 - 3*u - 2*u. Let q be (4 - -1)*1 - 0. Calculate k(q).
-8
Let h(w) be the second derivative of w**4/12 + 5*w**3/6 - 4*w**2 - 8*w. Determine h(-7).
6
Suppose -2*n + 31 = -5*m, 4*n + 13 = -4*m + 5. Let x(c) = c + 7. Determine x(m).
2
Let q be 400/28 + (-4)/14. Suppose 4 = -2*t - 2*z, -5*z - q = 3*t - 10*z. Let i(r) = -r + r**2 + 3*r + 1 + 0*r. Calculate i(t).
4
Let g be 1 - (1 + -5 + 2). Let c(u) = 0*u + 3*u**2 + 2*u**3 - 4 + g*u - 3*u**3. Let x be c(3). Let a(v) = v**2 - 6*v + 1. What is a(x)?
-4
Let r(b) = 2*b - 1. Let s be (-2 - -6 - (2 - 0))/2. Calculate r(s).
1
Let t be (-1 - -7) + 12/(-3). Let l(r) = -3*r - 5*r**2 + 2 + 4*r**t + r**2 + r**2. Give l(2).
0
Suppose v + h + 12 = 5*h, -3*h + 12 = 0. Let b(q) = -q**3 + 2*q**2 + 5*q - 2. Let o be b(3). Let y(p) = o*p + 3 + 2 - 2*p. Determine y(v).
13
Let a(n) = n + 2. Let d(p) = 8*p**2 - 2*p - 3. Let h be d(-2). Suppose -5 = 4*v + 4*u - h, v - 4*u + 13 = 0. Suppose -2*t = v*t - 25. Calculate a(t).
7
Let t(c) = -c**3 + 7*c**2 - 2*c + 6. Let o be t(7). Let d(r) = -r**3 - 4*r**2 + 7*r + 4. Let m be d(-5). Let j = o - m. Let k(g) = 2*g**2 + g + 1. Give k(j).
7
Suppose 4 = -w - 0*w. Let z be (-2)/w + 12/(-8). Let c(l) be the third derivative of -l**5/60 - l**4/24 - l**3/6 + 2*l**2. What is c(z)?
-1
Let l(r) = -4*r - 2. Let z be 48/84 + (-36)/14. Give l(z).
6
Let p = 3 + 0. Let q(s) = s**p + 4 + s**3 - 3*s**3 - 8*s + 8*s**2. Let u be q(7). Let l(v) = v**3 + 4*v**2 + 3*v + 1. Determine l(u).
1
Let m(h) = -3*h + h**2 + 3 - 5 + 2*h**3 + 0*h. Let r be 4/6 + 32/(-3). Let q be 4*(2 + r/4). What is m(q)?
-8
Let v(l) = 2*l - 2. Let n(g) = -g - 9. Let c be n(-13). Give v(c).
6
Let i(z) = z**2 - z + 4. Let x be i(6). Let n be 2/9 + x/9. Suppose 3*m = m + n. Let k(a) = -a**2 + 3*a - 2. What is k(m)?
0
Let g(a) = 45*a**2 - 19*a**2 - 5*a + 6 - 22*a**2 + a**3. Calculate g(-5).
6
Let s be (0 - -10)*4/(-8). Let r(a) = -7 + 8 + 2*a**2 + a**3 + 4*a**2 + 7*a. Calculate r(s).
-9
Let j(b) be the first derivative of b**2/2 - 2*b - 9. Give j(4).
2
Let d(f) = -2*f. Let b be d(1). Suppose 10 = 3*h + 2*h. Let i(v) = -v**h + 4*v**2 - 4*v**2 - 3*v + 2. Calculate i(b).
4
Let q(b) be the second derivative of b**8/6720 - b**7/504 - b**6/360 + 7*b**5/120 - 2*b**4/3 + b. Let y(l) be the third derivative of q(l). Give y(5).
-3
Let i(u) = -u**3 + 4*u**2 - 4. Suppose 3*x - 12 = -0*x. Suppose 12 = -x*d + 8*d. Determine i(d).
5
Suppose 0*l + 2*l = -2*y - 2, -l = 5*y - 7. Let r = 0 + 1. Let s(g) = 5*g + 0*g - 4*g - 4*g + r. Calculate s(y).
-5
Let v(s) = 9*s + s**2 - 8 + 3*s - 6*s + 0. Determine v(-7).
-1
Let c(k) be the third derivative of 0*k - 1/2*k**3 - k**2 + 0 - 1/12*k**4. Let v(w) = -w**2 + 3*w + 2. Let o be v(4). What is c(o)?
1
Let d(f) = f**2 + 7*f + 5. Let l be d(-7). Let u(h) = h**2 - 6*h + 4. Give u(l).
-1
Let r(f) = -f**2 + 2*f + f + 8 - 4*f + 6*f. Let s = 8 - 2. Give r(s).
2
Let x(y) = 6*y - 1. Let s be 1/(-2)*(-4 - -6). What is x(s)?
-7
Let l(u) = -u + 10. Let o be l(8). Let a(i) = 2*i - 5*i + 6*i**o + 7 - 2*i - i**3. Let n(q) = q**2 - 4. Let d be n(-3). Give a(d).
7
Let f(d) be the second derivative of -d**4/12 + d**3 +